 of 15616?
False
Is 12 a multiple of 3?
True
Is 138 a multiple of 66?
False
Does 5 divide 329?
False
Is 10332 a multiple of 63?
True
Is 11 a factor of 5317?
False
Is 609 a multiple of 11?
False
Does 15 divide 705?
True
Is 3733 a multiple of 4?
False
Does 32 divide 2400?
True
Does 79 divide 2346?
False
Is 14 a factor of 261?
False
Does 20 divide 960?
True
Is 75 a factor of 11707?
False
Is 266 a multiple of 14?
True
Is 16 a factor of 8864?
True
Is 4751 a multiple of 193?
False
Does 19 divide 570?
True
Is 1122 a multiple of 51?
True
Is 3021 a multiple of 3?
True
Is 20 a factor of 11753?
False
Is 35 a factor of 857?
False
Is 18 a factor of 654?
False
Does 14 divide 10272?
False
Does 53 divide 2978?
False
Is 28 a factor of 12776?
False
Is 1123 a multiple of 16?
False
Is 3 a factor of 6429?
True
Is 29047 a multiple of 123?
False
Is 2457 a multiple of 35?
False
Does 5 divide 37713?
False
Is 49194 a multiple of 6?
True
Does 34 divide 204?
True
Does 89 divide 4628?
True
Is 14 a factor of 829?
False
Is 43 a factor of 17809?
False
Is 71 a factor of 497?
True
Is 4092 a multiple of 93?
True
Is 23 a factor of 2852?
True
Does 72 divide 3421?
False
Does 32 divide 7372?
False
Is 4433 a multiple of 11?
True
Is 11 a factor of 2013?
True
Is 939 a multiple of 85?
False
Is 40 a factor of 1080?
True
Does 104 divide 9672?
True
Is 3 a factor of 139?
False
Does 37 divide 2198?
False
Does 33 divide 858?
True
Is 94 a factor of 1741?
False
Does 10 divide 814?
False
Is 111 a factor of 19647?
True
Does 32 divide 1734?
False
Is 6291 a multiple of 169?
False
Is 1480 a multiple of 20?
True
Is 8 a factor of 208?
True
Is 14444 a multiple of 42?
False
Is 254 a factor of 1270?
True
Is 5112 a multiple of 71?
True
Is 11 a factor of 605?
True
Is 988 a multiple of 76?
True
Is 56814 a multiple of 34?
True
Is 3 a factor of 886?
False
Does 3 divide 294?
True
Does 11 divide 14098?
False
Does 25 divide 800?
True
Is 16612 a multiple of 11?
False
Is 28 a factor of 152?
False
Is 9 a factor of 1851?
False
Does 39 divide 158059?
False
Is 38 a factor of 8170?
True
Does 209 divide 115184?
False
Does 29 divide 464?
True
Is 80 a factor of 16316?
False
Is 14 a factor of 8792?
True
Is 1562 a multiple of 19?
False
Does 111 divide 22866?
True
Does 25 divide 454?
False
Is 12 a factor of 2754?
False
Is 1200 a multiple of 8?
True
Is 63300 a multiple of 115?
False
Does 9 divide 4230?
True
Is 352 a multiple of 11?
True
Is 30114 a multiple of 14?
True
Is 50 a factor of 53570?
False
Is 125 a multiple of 8?
False
Is 4 a factor of 388?
True
Is 12312 a multiple of 12?
True
Is 735 a multiple of 21?
True
Does 27 divide 7695?
True
Is 21 a factor of 1281?
True
Does 318 divide 1878?
False
Is 41280 a multiple of 20?
True
Is 229 a multiple of 25?
False
Does 23 divide 8918?
False
Does 331 divide 16881?
True
Does 24 divide 29184?
True
Is 10 a factor of 140?
True
Does 10 divide 129?
False
Does 38 divide 9375?
False
Is 56 a multiple of 3?
False
Is 36 a factor of 195?
False
Is 1410 a multiple of 5?
True
Is 16609 a multiple of 129?
False
Is 45 a factor of 13770?
True
Is 23 a factor of 6769?
False
Does 41 divide 3657?
False
Is 612 a multiple of 17?
True
Is 68757 a multiple of 43?
True
Is 12 a factor of 5515?
False
Is 5 a factor of 26425?
True
Does 10 divide 65?
False
Does 7 divide 1036?
True
Is 37 a factor of 1170?
False
Does 188 divide 22936?
True
Does 38 divide 943?
False
Does 49 divide 1279?
False
Is 39132 a multiple of 18?
True
Is 5412 a multiple of 164?
True
Does 31 divide 9765?
True
Is 19165 a multiple of 66?
False
Is 23 a factor of 2438?
True
Does 56 divide 784?
True
Is 62720 a multiple of 196?
True
Is 20 a factor of 9200?
True
Is 23 a factor of 529?
True
Does 14 divide 107790?
False
Is 101 a factor of 2020?
True
Does 102 divide 3665?
False
Is 6 a factor of 522?
True
Is 17971 a multiple of 13?
False
Does 9 divide 63?
True
Is 473 a multiple of 12?
False
Does 12 divide 264?
True
Does 13 divide 1213?
False
Is 5236 a multiple of 17?
True
Does 18 divide 33967?
False
Is 17 a factor of 6749?
True
Does 48 divide 3015?
False
Is 184 a factor of 28038?
False
Is 468 a multiple of 18?
True
Is 7718 a multiple of 34?
True
Does 48 divide 8590?
False
Is 17431 a multiple of 42?
False
Is 17 a factor of 461?
False
Does 37 divide 1279?
False
Is 553 a multiple of 34?
False
Is 9 a factor of 33102?
True
Is 18 a factor of 25499?
False
Does 7 divide 826?
True
Is 1856 a multiple of 5?
False
Is 107 a factor of 973?
False
Is 1886 a multiple of 23?
True
Is 10 a factor of 23?
False
Does 21 divide 278?
False
Does 15 divide 241?
False
Is 30 a factor of 4530?
True
Is 9 a factor of 532?
False
Is 40 a factor of 4000?
True
Is 15523 a multiple of 7?
False
Is 9 a factor of 573?
False
Is 4 a factor of 374?
False
Is 17009 a multiple of 233?
True
Does 115 divide 9660?
True
Is 38 a factor of 737?
False
Is 3 a factor of 1462?
False
Is 40 a factor of 4520?
True
Is 7 a factor of 91?
True
Is 303 a multiple of 46?
False
Is 5 a factor of 20622?
False
Is 176 a factor of 24195?
False
Is 31 a factor of 1003?
False
Is 9 a factor of 329?
False
Is 168 a multiple of 56?
True
Does 12 divide 300?
True
Is 6 a factor of 1314?
True
Is 28 a multiple of 4?
True
Does 10 divide 920?
True
Is 31795 a multiple of 17?
False
Is 276 a multiple of 10?
False
Is 18 a factor of 35136?
True
Does 13 divide 5001?
False
Does 145 divide 3770?
True
Is 616 a multiple of 7?
True
Is 1020 a multiple of 70?
False
Is 6464 a multiple of 64?
True
Is 2064 a multiple of 12?
True
Is 426 a multiple of 29?
False
Is 385 a multiple of 55?
True
Does 4 divide 309?
False
Does 5 divide 1090?
True
Does 12 divide 540?
True
Does 22 divide 5901?
False
Is 9 a factor of 48717?
True
Does 55 divide 10725?
True
Does 29 divide 2523?
True
Is 101779 a multiple of 36?
False
Is 22 a factor of 437?
False
Does 4 divide 52?
True
Is 12612 a multiple of 57?
False
Does 104 divide 1664?
True
Does 12 divide 58?
False
Does 7 divide 126?
True
Does 57 divide 9563?
False
Is 23 a factor of 115?
True
Is 18 a factor of 2529?
False
Does 27 divide 10233?
True
Is 7474 a multiple of 74?
True
Is 8956 a multiple of 14?
False
Is 47 a factor of 140?
False
Is 99 a factor of 38313?
True
Is 4840 a multiple of 88?
True
Is 1856 a multiple of 32?
True
Is 8 a factor of 1691?
False
Does 78 divide 31718?
False
Is 150 a factor of 47976?
False
Does 40 divide 86240?
True
Does 14 divide 242?
False
Does 109 divide 31065?
True
Is 68 a factor of 816?
True
Is 61 a factor of 5429?
True
Is 44 a multiple of 11?
True
Is 45838 a multiple of 86?
True
Is 791 a multiple of 16?
False
Is 35 a factor of 25015?
False
Is 33434 a multiple of 146?
True
Is 9791 a multiple of 54?
False
Does 16 divide 5725?
False
Is 51 a factor of 1786?
False
Is 70080 a multiple of 40?
True
Is 10 a factor of 2710?
True
Is 36 a factor of 972?
True
Is 4989 a multiple of 59?
False
Is 634 a multiple of 5?
False
Is 13630 a multiple of 29?
True
Does 284 divide 102867?
False
Does 37 divide 439?
False
Is 678 a multiple of 6?
True
Is 15 a factor of 378?
False
Is 58 a factor of 3364?
True
Does 15 divide 1455?
True
Is 3 a factor of 445?
False
Is 14 a factor of 294?
True
Is 74 a factor of 592?
True
Is 4 a factor of 4686?
False
Is 17 a factor of 1717?
True
Does 16 divide 139264?
True
Is 36924 a multiple of 22?
False
Is 3 a factor of 3468?
True
Does 2 divide 49?
False
Is 1024 a multiple of 64?
True
Is 81466 a multiple of 32?
False
Is 24 a factor of 2501?
False
Is 15 a factor of 375?
True
Does 108 divide 2376?
True
Is 80 a factor of 17639?
False
Is 5436 a multiple of 9?
True
Does 3 divide 752?
False
Is 1337 even?
False
Is 14 a factor of 17084?
False
Is 928 a multiple of 32?
True
Does 25 divide 3791?
False
Is 23 a factor of 644?
True
Is 58 a factor of 6493?
False
Is 2645 a multiple of 97?
False
Is 1976 a multiple of 13?
True
Does 3 divide 106?
False
Is 114 a multiple of 3?
True
Does 33 divide 1122?
True
Is 25 a factor of 3179?
False
Is 18 a factor of 324?
True
Is 22736 a multiple of 49?
True
Does 9 divide 1773?
True
Is 146 a factor of 114227?
False
Is 39000 a multiple of 195?
True
Is 43355 a multiple of 115?
True
Is 179 a factor of 33439?
False
Is 4 a factor of 2769?
False
Does 9 divide 234?
True
Does 13 divide 10586?
False
Does 17 divide 12206?
True
Does 17 divide 12359?
True
Is 602 a multiple of 18?
False
Is 10 a